706 is divided by 3451?
3430
What is the remainder when 1288064 is divided by 1395?
479
Calculate the remainder when 207159 is divided by 14772.
351
Calculate the remainder when 109279091 is divided by 140.
131
Calculate the remainder when 508570 is divided by 3043.
389
What is the remainder when 220715 is divided by 573?
110
What is the remainder when 22229751 is divided by 1471?
1470
Calculate the remainder when 2426997 is divided by 2120.
1717
Calculate the remainder when 4847 is divided by 367.
76
What is the remainder when 34343292 is divided by 1254?
1248
What is the remainder when 2111216 is divided by 55?
41
Calculate the remainder when 20734 is divided by 1561.
441
Calculate the remainder when 757388 is divided by 2127.
176
Calculate the remainder when 229081 is divided by 8380.
2821
Calculate the remainder when 168903 is divided by 2866.
2675
What is the remainder when 2232640 is divided by 18151?
67
Calculate the remainder when 6797 is divided by 948.
161
What is the remainder when 697066 is divided by 6225?
6091
What is the remainder when 11458276 is divided by 227?
224
What is the remainder when 42846421 is divided by 166?
161
Calculate the remainder when 67279823 is divided by 244.
239
What is the remainder when 38528559 is divided by 69?
63
Calculate the remainder when 4674008 is divided by 28.
24
What is the remainder when 14740570 is divided by 545?
500
What is the remainder when 2476798 is divided by 2330?
8
Calculate the remainder when 138809330 is divided by 163.
160
What is the remainder when 13223622 is divided by 297?
291
What is the remainder when 105408 is divided by 182?
30
Calculate the remainder when 193181 is divided by 48084.
845
Calculate the remainder when 218121 is divided by 72476.
693
Calculate the remainder when 12780121 is divided by 2557.
235
Calculate the remainder when 1666160 is divided by 216.
152
What is the remainder when 369148659 is divided by 18?
15
What is the remainder when 226595 is divided by 74596?
2807
What is the remainder when 16856288 is divided by 748?
108
What is the remainder when 4116071 is divided by 3285?
3251
What is the remainder when 1165550 is divided by 107?
106
What is the remainder when 29204799 is divided by 54284?
7
Calculate the remainder when 85752 is divided by 2330.
1872
Calculate the remainder when 54863082 is divided by 538.
532
Calculate the remainder when 60094 is divided by 13594.
5718
Calculate the remainder when 2751551 is divided by 1375763.
25
Calculate the remainder when 26102 is divided by 3874.
2858
Calculate the remainder when 25304522 is divided by 358.
8
Calculate the remainder when 176308 is divided by 35088.
868
What is the remainder when 19481989 is divided by 671792?
21
What is the remainder when 81339 is divided by 10153?
115
Calculate the remainder when 13323590 is divided by 9132.
2
What is the remainder when 91169 is divided by 133?
64
What is the remainder when 36597 is divided by 7037?
1412
What is the remainder when 1266110 is divided by 158263?
6
What is the remainder when 16441 is divided by 1414?
887
What is the remainder when 48413302 is divided by 644?
602
What is the remainder when 405123 is divided by 1825?
1798
Calculate the remainder when 27910 is divided by 1115.
35
What is the remainder when 845553 is divided by 422764?
25
Calculate the remainder when 1160802 is divided by 44.
38
What is the remainder when 6843622 is divided by 2281135?
217
Calculate the remainder when 42571 is divided by 5298.
187
What is the remainder when 33572285 is divided by 94?
91
Calculate the remainder when 78903993 is divided by 7173090.
3
Calculate the remainder when 741162 is divided by 27.
12
What is the remainder when 772632 is divided by 1623?
84
Calculate the remainder when 6041762 is divided by 557.
540
What is the remainder when 7206 is divided by 1401?
201
Calculate the remainder when 1361764 is divided by 2485.
2469
What is the remainder when 13870670 is divided by 1073?
1072
Calculate the remainder when 1112938052 is divided by 1944.
1940
Calculate the remainder when 39563 is divided by 282.
83
Calculate the remainder when 3251856 is divided by 9212.
20
Calculate the remainder when 2694742 is divided by 575.
292
Calculate the remainder when 480820 is divided by 240394.
32
What is the remainder when 228657 is divided by 361?
144
Calculate the remainder when 87424 is divided by 27955.
3559
What is the remainder when 1305530 is divided by 19?
2
What is the remainder when 354278 is divided by 354203?
75
What is the remainder when 2727860 is divided by 97?
26
What is the remainder when 34127038 is divided by 307?
304
Calculate the remainder when 2010698 is divided by 9808.
58
Calculate the remainder when 4073570 is divided by 24539.
96
Calculate the remainder when 29439791 is divided by 6774.
6761
What is the remainder when 12348 is divided by 150?
48
Calculate the remainder when 10908 is divided by 2204.
2092
What is the remainder when 157760 is divided by 3419?
486
Calculate the remainder when 15095346 is divided by 1069.
1066
What is the remainder when 1620 is divided by 44?
36
Calculate the remainder when 1540 is divided by 1509.
31
What is the remainder when 38720672 is divided by 18?
8
What is the remainder when 19909515 is divided by 246?
243
What is the remainder when 127100 is divided by 11429?
1381
Calculate the remainder when 22041492 is divided by 415877.
11
Calculate the remainder when 11995031 is divided by 449.
445
Calculate the remainder when 278222 is divided by 271060.
7162
Calculate the remainder when 307591 is divided by 42.
25
What is the remainder when 91410 is divided by 15225?
60
Calculate the remainder when 1894768 is divided by 3.
1
Calculate the remainder when 496785 is divided by 286.
3
Calculate the remainder when 4264657 is divided by 473826.
223
What is the remainder when 5408015 is divided by 5408008?
7
Calculate the remainder when 247451 is divided by 24745.
1
What is the remainder when 461170 is divided by 165?
160
What is the remainder when 3915224 is divided by 75?
74
Calculate the remainder when 281073159 is divided by 140536576.
7
What is the remainder when 1423750 is divided by 88983?
22
What is the remainder when 78759 is divided by 73092?
5667
What is the remainder when 786933 is divided by 786871?
62
Calculate the remainder when 15456642 is divided by 92.
90
Calculate the remainder when 83129 is divided by 13759.
575
Calculate the remainder when 3024598 is divided by 41.
28
What is the remainder when 871785 is divided by 290316?
837
What is the remainder when 8783 is divided by 111?
14
Calculate the remainder when 2541724 is divided by 847182.
178
What is the remainder when 9751 is divided by 3228?
67
What is the remainder when 9700683 is divided by 28?
27
Calculate the remainder when 10009 is divided by 1790.
1059
Calculate the remainder when 647989 is divided by 64768.
309
Calculate the remainder when 157861110 is divided by 3633.
3627
Calculate the remainder when 15878 is divided by 2746.
2148
Calculate the remainder when 119676 is divided by 2600.
76
What is the remainder when 2741829 is divided by 155?
34
Calculate the remainder when 231670110 is divided by 1174.
1168
Calculate the remainder when 107728747 is divided by 34740.
7
Calculate the remainder when 12802770 is divided by 412992.
18
Calculate the remainder when 4174294 is divided by 160548.
46
Calculate the remainder when 116969280 is divided by 17.
15
Calculate the remainder when 189905628 is divided by 112.
108
Calculate the remainder when 24964070 is divided by 911.
848
What is the remainder when 96905928 is divided by 359?
340
What is the remainder when 30520171 is divided by 29?
20
Calculate the remainder when 6023118 is divided by 215108.
94
Calculate the remainder when 935733 is divided by 583.
18
What is the remainder when 41332 is divided by 877?
113
Calculate the remainder when 184461 is divided by 838.
101
What is the remainder when 215361 is divided by 71781?
18
Calculate the remainder when 75682105 is divided by 39.
31
Calculate the remainder when 23580696 is divided by 425.
421
What is the remainder when 211078 is divided by 1466?
1440
Calculate the remainder when 33944 is divided by 11140.
524
Calculate the remainder when 92167